= -2*q - 202 - 166. Let z(p) = -20*p**2 - 610*p + 44. Let l be z(-31). Let f = q - l. List the prime factors of f.
2, 41
Let v(p) = -293*p - 2. Let w be v(-2). Let f(n) = 3*n**2 - 20*n + 18. Let l be f(6). Suppose -l*b - 128 = -w. List the prime factors of b.
2, 19
Let a(c) = 400*c - 4. Let i be a(-1). What are the prime factors of -3 + 1 - (i - 0/2)?
2, 3, 67
Let y(l) = -17*l**2 + l + 3. Let i be y(-1). List the prime factors of ((-2)/(-5))/(i/(-12300)).
2, 41
Suppose 2*j + b = -39, 2*j - 4*b + 42 = -12. Let d(w) = -31*w - 1. Let h be d(-6). List the prime factors of (j/(-70)*-2)/((-1)/h).
3, 37
Let t be (-5 + (-1098)/12)*-10. Suppose -40*p - t = -45*p. List the prime factors of p.
193
Let p(z) = 117*z**3 + 3*z**2 + 48*z - 141. List the prime factors of p(5).
3, 4933
Let l(k) = 3*k**2 + 22*k + 67. Let p be l(-15). Suppose 0 = -2*q + p + 398. List the prime factors of q.
3, 5
Let z = -19 + 47. Let v = 40 - z. Suppose -300 = -v*l + 7*l. What are the prime factors of l?
2, 3, 5
Let a(s) = 3*s**3 + 248*s**2 + 26*s - 5. List the prime factors of a(7).
2, 6679
Let u = -2430 + 4106. What are the prime factors of u?
2, 419
Let q(t) = -8*t**2 + t - 1. Let v(d) = d**2 + 1. Let o(l) = -q(l) - 3*v(l). Let k be o(-1). Suppose -k*f = -348 + 92. List the prime factors of f.
2
Let g(q) = -5*q - 75. Let y be g(-18). Suppose -3060 = y*i - 25*i. List the prime factors of i.
2, 3, 17
Let f be (8/((-64)/(-18)))/(2/8). Let j(k) = 2*k**3 - 17*k**2 + 13*k + 3. What are the prime factors of j(f)?
3, 67
Suppose -54 + 44 = -5*g. Suppose 0 = o - 2, -680 = -4*f + g*f - 5*o. What are the prime factors of f?
5, 67
Suppose -3*o = -166 - 584. Let a be (o/(-5)*-1)/(-1). Let r = 22 - a. What are the prime factors of r?
2, 3
List the prime factors of ((-1576)/(-28))/(40/70)*86.
43, 197
Let h(c) = 7*c**2 - 35. Let o be h(15). Suppose -3*t + 4669 = -2*m, 3*t - 3131 = 3*m + o. List the prime factors of t.
5, 311
Suppose 5*f - 4*t = -19, -5*f - 5*t = 6 + 4. Let v be ((f - -2) + -1)/(-2). What are the prime factors of v*(-2)/7 - (-1194)/14?
5, 17
Let o be 73 - (3 - (-2 + 1)). Let x = 169 + o. Suppose -6*d + 284 + x = 0. List the prime factors of d.
3, 29
Let c be (-10 + (-341)/(-44))*(-4 - -8). Let s(f) be the first derivative of f**4/4 + 11*f**3/3 - 3*f**2/2 + 9*f - 2. What are the prime factors of s(c)?
2, 3, 11
Let k = 41 - 76. Suppose 13*d - 4*h = 15*d - 1234, 2*h = 2*d - 1258. List the prime factors of d/7 - (-10)/k.
89
Suppose -5*c = 12*r - 10*r - 6113, 4*c + 4 = 0. Suppose -4*w + 5*v = -0*w - 3061, -4*w = -3*v - r. What are the prime factors of w?
2, 191
Let m = 10190 - 6595. What are the prime factors of m?
5, 719
Let t = -14865 - -24734. List the prime factors of t.
71, 139
Let f(o) = 2*o**2 + 3*o + 4. Suppose 12*r - 6 = -6. Suppose 5*v - 9 + 29 = r. What are the prime factors of f(v)?
2, 3
Let k = 90 - 88. Suppose -3*j + k*j + 4 = 0. Suppose j*h - 42 + 22 = 0. What are the prime factors of h?
5
Let g(p) be the first derivative of p**4/4 + p**3/3 - p**2/2 + 9. Let m(k) = -12*k**2 + 2*k + 7. Let z(f) = -g(f) - m(f). What are the prime factors of z(9)?
2, 73
Let p = 11425 - 5750. Suppose f + p = 26*f. What are the prime factors of f?
227
Suppose 95197*n - 95188*n - 309024 = 0. List the prime factors of n.
2, 29, 37
Suppose -39*z + 53*z - 181054 = 14904. What are the prime factors of z?
13997
Suppose 23*w - 55 = 12*w. Suppose w*o - 2259 = -564. List the prime factors of o.
3, 113
Let v(w) be the second derivative of w**2 - 30*w. Let p(z) = -2*z - 19. Let b(n) = -2*p(n) - 6*v(n). What are the prime factors of b(4)?
2, 3, 7
Let a(k) = -k**3 - 13*k**2 + 13*k - 13. Let q be a(-14). Let c be q/4 - 1770/(-24). Suppose 3*t + 8 = c. List the prime factors of t.
2, 11
Suppose -4*t = -0*s + s + 358, -s = -3*t + 358. Let a be s - ((0 - -2) + 0). What are the prime factors of (18/4)/((-20)/a)?
3
Suppose 0 = 8*l - 7*l + 3*n - 2, -5*l + 5*n = -30. Suppose 3*g + 0*g = -3*z, z = -l. Suppose u = g + 34. List the prime factors of u.
3, 13
Let t = -15 - -36. Let k be 69/t - 2/7. Suppose -k*l = -2*c - 695, c - 5*c - 16 = 0. What are the prime factors of l?
229
Let z(h) = -h**2 - h. Let p(u) = 4*u**2 - 5*u - 2. Let k(t) = p(t) - z(t). Let n = 5634 + -5630. What are the prime factors of k(n)?
2, 31
Let p(a) = 19*a**2 + 6*a**2 - 9 - 4*a + 15*a. Let x be p(4). Suppose 99 = g - 0*g + 4*i, 5*g - x = -5*i. What are the prime factors of g?
83
Suppose 3*d - 2*d + 138 = 0. Let b(y) = 5*y**3 + 7*y**2 - 2*y - 2. Let w be b(-3). Let i = w - d. What are the prime factors of i?
2, 5, 7
Suppose 5*k - 25 = -3*m, -3*m - 3*k + 7 = -7*k. Suppose 0 = -0*q - m*q - 40. What are the prime factors of (0 - 884/q) + 2/(-4)?
2, 5, 11
Let q = 789 - 792. Let p(m) be the third derivative of -m**6/60 - m**5/30 - m**4/6 + m**3/2 - 2*m**2. List the prime factors of p(q).
3, 17
What are the prime factors of ((-132849)/(-15))/(36/40)*9/6?
29, 509
Let a(k) = -5899*k - 7278. List the prime factors of a(-5).
13, 1709
Suppose 3*n = -3*n - 126. Let d be (-3)/21 + (-801)/n. Suppose 5*g - 333 = -d. List the prime factors of g.
59
Let x(a) be the third derivative of -43*a**4/24 + 343*a**3/6 - 70*a**2. What are the prime factors of x(7)?
2, 3, 7
Let b(s) = s**2 - 21*s - 592. Let t be b(-16). Let u(q) = 3*q + 102. Let w(j) = 4*j + 102. Let o(y) = 7*u(y) - 6*w(y). What are the prime factors of o(t)?
2, 3, 17
Let x be (-249)/(3 + (-8)/2). Let f = 124 - x. What are the prime factors of 5*-2*f/10?
5
Let p be (1/(-10)*0)/(1 - -5). Let k = 103 - 52. Suppose 3*y - 4*w - 150 = 0, y + w - 2*w - k = p. What are the prime factors of y?
2, 3
Suppose -43*u + 141*u = 5055624. What are the prime factors of u?
2, 3, 1433
Suppose 5*o - 20 = 5*f, -2*f = 5*o - 3*o. Suppose 3 = 2*j - m - o, 3*j - 2*m = 9. What are the prime factors of 113 - 1 - (4/j - 5)?
113
Let b = 658 - 470. Suppose b = -20*z + 21*z. Suppose k = -k + z. What are the prime factors of k?
2, 47
Suppose -4*s + 304*t = 307*t - 160709, 0 = s + 5*t - 40173. What are the prime factors of s?
2, 20089
Let k = 176914 - 101046. What are the prime factors of k?
2, 13, 1459
Suppose 0 = -15*u - 3514 - 3746. What are the prime factors of (u/(-2))/((-25)/(-50))?
2, 11
Let c(n) = -n**3 + 4*n**2 - n + 5. Let f be c(4). What are the prime factors of 10688/22 + f*10/55?
2, 3
Let o be 30/9*(0 - -3). Let t = 598 - 603. List the prime factors of -4*(-186)/o + 2/t.
2, 37
Let p(t) be the first derivative of 170*t**3/3 + 2*t**2 - 12*t + 142. List the prime factors of p(2).
2, 13
Suppose 94*i - 595373 = 316145. List the prime factors of i.
9697
Let a(d) = 11929*d**2 + 5*d - 7. List the prime factors of a(-1).
17, 701
Let w(u) = -u**3 - 3*u**2 - 6*u. Let c be w(-2). Let a = c + -5. Suppose 535 = 5*l + 4*s, -2*l + 2*s = -a*l + 101. What are the prime factors of l?
3, 37
Suppose 0*p = -2*l + 3*p + 346, 20 = 5*p. Let y(q) = 18*q + 46. Let v be y(-7). Let c = v + l. What are the prime factors of c?
3, 11
Suppose 3*v - 11*k = 6925, -8*k + 3*k = 10. What are the prime factors of v?
3, 13, 59
Let b = 2 - 1. Let c(m) = -335*m + 196*m**3 - 3 - 121*m**3 + 339*m + 1. What are the prime factors of c(b)?
7, 11
Suppose 4*g - 673 = 3*g + c, 1994 = 3*g + 2*c. Suppose -k = 4*u - g, -3*u + 4*k - 8*k = -501. List the prime factors of u.
167
Suppose 0 = -2*k + 5*k + 51. Let q(o) = 2*o**3 - 15*o**2 - 20*o - 11. Let b(h) = h**3 + h**2 + h. Let f(r) = -3*b(r) + q(r). What are the prime factors of f(k)?
7, 13
Let n be (14/4 - 3)/(3/9108). Suppose 66*j - n = 60*j. List the prime factors of j.
11, 23
Let h be (2 - (-5 - -5))*(-3)/(-2). Suppose -5*v = -3*f + 227, h*f - 244 = -5*v + 3. Let t = 200 - f. List the prime factors of t.
11
Let p = 22474 - -21222. List the prime factors of p.
2, 2731
Suppose 3745 + 3043 = n - z, n + 5*z = 6806. List the prime factors of n.
6791
Let a(f) = 29*f - 50. Let s(b) = 2. Let r(z) = -a(z) + 5*s(z). List the prime factors of r(-10).
2, 5, 7
Let x = -30 - -65. Suppose -5*h - x + 5 = 0. List the prime factors of 1*h/9*-84.
2, 7
Let m(d) = -1257*d + 413. List the prime factors of m(-5).
2, 17, 197
Let r(b) = b**3 + 17*b**2 - 13*b + 21. Let f be (-1442)/119 + 4/34. List the prime factors of r(f).
3, 13, 23
Suppose -p + q - 5 = -2*p, -q + 3 = 0. Suppose -2*y + 12 = p*s - 42, -5*y - 15 = 0. Let d = 141 - s. What ar